
True
Is 19565437 composite?
False
Is 3480089 composite?
True
Is 2560469 a composite number?
True
Is 8803877 a composite number?
False
Is 5715949 a composite number?
False
Is 45473917 composite?
False
Is 4058311 a composite number?
True
Is 2007581 composite?
True
Is 29829587 composite?
False
Is 8128621 a composite number?
True
Is 133205649 a prime number?
False
Is 21162679 a composite number?
False
Is 6178441 composite?
False
Is 10996805 prime?
False
Is 581089 a prime number?
True
Is 1244767 composite?
True
Is 129815393 a composite number?
False
Is 136501 a composite number?
False
Is 34928899 a composite number?
False
Is 157310243 composite?
True
Is 90647933 prime?
True
Is 40313677 a prime number?
True
Is 18081431 composite?
False
Is 14098483 a composite number?
True
Is 983299 composite?
False
Is 15802117 a prime number?
True
Is 123379162 prime?
False
Is 1311509 composite?
False
Is 1043969 prime?
True
Is 4901101 prime?
True
Is 53153063 composite?
False
Is 4569127 prime?
True
Is 1198607 composite?
False
Is 62382533 composite?
False
Is 847994707 composite?
True
Is 60747793 prime?
True
Is 25446227 composite?
False
Is 5042341 prime?
True
Is 10586291 composite?
True
Is 34036007 prime?
True
Is 226502687 a prime number?
True
Is 1110839 composite?
False
Is 3005731 a prime number?
True
Is 799027 prime?
False
Is 12491693 prime?
True
Is 31410835 a prime number?
False
Is 34302287 a prime number?
True
Is 2710823 composite?
False
Is 1785233 a prime number?
False
Is 970847 a composite number?
False
Is 3454634 composite?
True
Is 49722089 a prime number?
True
Is 163652893 prime?
True
Is 6194039 a prime number?
True
Is 79048201 prime?
True
Is 22932617 composite?
False
Is 5526355 composite?
True
Is 8183857 a prime number?
False
Is 4720847 prime?
False
Is 29525869 prime?
False
Is 2588753 prime?
True
Is 1296943 prime?
False
Is 611873 composite?
False
Is 2676311 prime?
False
Is 42183991 prime?
True
Is 820661 a prime number?
False
Is 21912595 prime?
False
Is 14409911 a composite number?
False
Is 10844543 a composite number?
False
Is 13009691 composite?
False
Is 167595671 prime?
True
Is 991937 a prime number?
False
Is 20818961 a prime number?
True
Is 46899491 prime?
False
Is 689369 composite?
False
Is 74614109 composite?
True
Is 21783701 composite?
True
Is 10140583 a composite number?
False
Is 87656669 composite?
True
Is 94207307 prime?
True
Is 1094879 composite?
True
Is 175027451 prime?
False
Is 458921 a composite number?
False
Is 2390966 composite?
True
Is 236908519 a prime number?
False
Is 43827877 composite?
False
Is 53688937 a composite number?
False
Is 167058097 prime?
True
Is 16041323 a prime number?
False
Is 1821203 a composite number?
True
Is 7690559 prime?
True
Is 25138921 prime?
False
Is 397771 a prime number?
False
Is 2838361 a prime number?
False
Is 92445511 a composite number?
False
Is 2246005 a composite number?
True
Is 1025747171 prime?
False
Is 4866493 a prime number?
False
Is 27957313 a composite number?
False
Is 4737131 a composite number?
True
Is 153165923 composite?
False
Is 37600315 a prime number?
False
Is 103363531 prime?
True
Is 1275661 a prime number?
True
Is 22631633 a prime number?
False
Is 869867879 composite?
False
Is 149025713 a composite number?
True
Is 814493 composite?
False
Is 16934663 composite?
True
Is 15544759 composite?
False
Is 4289723 a composite number?
True
Is 2853647 prime?
True
Is 4308631 a composite number?
True
Is 8352157 a composite number?
True
Is 12280321 a composite number?
True
Is 1461827 composite?
True
Is 18941177 a composite number?
False
Is 15664133 a composite number?
False
Is 5679251 a prime number?
True
Is 6996305 composite?
True
Is 1680191 composite?
False
Is 9665107 prime?
True
Is 25890791 composite?
False
Is 4789819 a composite number?
True
Is 12851659 a composite number?
False
Is 552961 composite?
True
Is 9903437 a prime number?
False
Is 10266871 a prime number?
False
Is 1020667 a composite number?
False
Is 1371079 prime?
True
Is 32221789 prime?
True
Is 19620089 prime?
False
Is 40207997 composite?
True
Is 4060229 composite?
True
Is 571393 a prime number?
False
Is 534799271 a prime number?
True
Is 32017369 prime?
True
Is 130834463 a prime number?
True
Is 5674973 a composite number?
True
Is 31385963 composite?
True
Is 73756589 prime?
True
Is 79110341 composite?
False
Is 1333821 prime?
False
Is 442319 a composite number?
False
Is 11356849 prime?
False
Is 28111031 a prime number?
False
Is 297343 a composite number?
True
Is 287459489 a composite number?
False
Is 195774274 prime?
False
Is 50452349 composite?
True
Is 12388169 a composite number?
False
Is 1040717 a composite number?
False
Is 13218083 a prime number?
True
Is 13635287 a composite number?
False
Is 6622955 composite?
True
Is 135397597 a composite number?
False
Is 1723405 prime?
False
Is 95560571 composite?
False
Is 81441335 a prime number?
False
Is 5349787 composite?
False
Is 86320457 a prime number?
False
Is 3397991 composite?
False
Is 1168558 prime?
False
Is 45803021 prime?
False
Is 41462381 a composite number?
False
Is 618199 a prime number?
True
Is 5286013 a prime number?
False
Is 672169571 a composite number?
False
Is 2369743 composite?
True
Is 19044409 prime?
False
Is 3228977 a composite number?
False
Is 7376189 composite?
False
Is 106718567 composite?
False
Is 426482939 a prime number?
False
Is 1818055 composite?
True
Is 22976237 a composite number?
False
Is 16368701 composite?
False
Is 87118366 composite?
True
Is 322278211 a composite number?
True
Is 210347 a prime number?
True
Is 15594461 prime?
True
Is 41297107 a prime number?
True
Is 125781169 composite?
False
Is 1342013 a prime number?
False
Is 222932477 a composite number?
True
Is 5892371 prime?
True
Is 76550585 a prime number?
False
Is 27277091 composite?
False
Is 124267709 composite?
False
Is 170785187 prime?
True
Is 17897606 prime?
False
Is 16701733 a prime number?
True
Is 8507253 composite?
True
Is 461420417 prime?
True
Is 413629 prime?
True
Is 650308787 a prime number?
True
Is 6395639 a composite number?
False
Is 439207 composite?
True
Is 1616647 a composite number?
True
Is 56157061 composite?
False
Is 81086 a composite number?
True
Is 257920907 a composite number?
False
Is 425965 a prime number?
False
Is 36002939 composite?
True
Is 257795527 a composite number?
True
Is 38681029 prime?
False
Is 25225301 a composite number?
False
Is 6393155 prime?
False
Is 2889079 a composite number?
False
Is 3963005 composite?
True
Is 105342851 prime?
False
Is 232063459 a prime number?
False
Is 54932177 prime?
False
Is 100993807 prime?
True
Is 15706489 a composite number?
True
Is 4317611 composite?
False
Is 27951681 composite?
True
Is 55030163 a prime number?
True
Is 371833183 prime?
False
Is 58894259 a composite number?
False
Is 890183819 a composite number?
True
Is 64710179 composite?
False
Is 38033323 composite?
False
Is 18680099 a prime number?
False
Is 12039991 composite?
False
Is 13090631 a composite number?
False
Is 33398359 prime?
False
Is 1011337123 a composite number?
True
Is 7628713 prime?
False
Is 867567 composite?
True
Is 1043206 composite?
True
Is 452482661 a composite number?
True
Is 56918122 prime?
False
Is 25536559 a composite number?
True
Is 276255073 a prime number?
False
Is 85852007 composite?
True
Is 10760957 prime?
True
Is 19912777 a prime number?
True
Is 13188409 a composite number?
True
Is 631204147 a composite number?
True
Is 57411713 a prime number?
True
Is 200864917 a prime number?
False
Is 271799 composite?
True
Is 704983 a prime number?
True
Is 154851439 a composite number?
False
Is 629168479 composite?
True
Is 13538453 a composite number?
False
Is 14193733 prime?
True
Is 18964745 a prime number?
False
Is 23941079 prime?
False
Is 7531679 a prime number?
False
Is 313311199 composite?
True
Is 4468537 composite?
False
Is 481476587 a prime number?
False
Is 30906257 a prime number?
False
Is 5611201 composite?
True
Is 2169617 a composite number?
False
Is 3499651 a prime number?
True
Is 441961 a prime number?
False
Is 43399099 a prime number?
True
Is 878818 prime?
False
Is 8617253 composite?
False
Is 247843817 composite?
True
Is 67490201 prime?
True
Is 8165743 composite?
True
Is 474317 composite?
True
Is 1628687 a composite number?
True
Is 235620631 prime?
True
Is 1567459 